*n = 7068496 + 8554958. Is n prime?
False
Let w be (-4)/(-1) + -10*4/8. Is (w + 1859)*2/4 a prime number?
True
Let y be (-3)/(-6) + (21/6 - 1). Let l(p) = 271 + y*p**2 + 35*p - 4*p**2 - 288 + p**3. Is l(18) composite?
False
Suppose -t + 2 - 13 = -4*j, 0 = -3*j + 9. Let z be 0 - (-1644)/(24/4). Is (4*5/20)/(t/z) a composite number?
True
Suppose -g - 3*w + 82194 = -199177, -4*g - w = -1125506. Is g a prime number?
False
Let h = 4446 - 1903. Let v = h + 434. Is v composite?
True
Let d = -213474 + 313921. Is d a composite number?
False
Let w(x) = 164*x**2 + 285*x - 5. Is w(6) prime?
False
Suppose -2*z + 2*p = -6, z + 2*p + 5 = -p. Let j(a) = 296*a - 7 - z + 6 + 5. Is j(1) a composite number?
True
Is (754/174)/((16/(-768882))/(-8)) composite?
True
Let s = 957 + 2297. Let i = s - 31. Is i a composite number?
True
Is ((-9)/12)/(42/(-7462504)) composite?
True
Let a be (-1 - (4 - 2)) + 6 + 36. Let s(y) = 61*y + 2262 + a*y - 2223. Is s(4) prime?
True
Suppose 3*q = -3*s + 6, 0 = 4*q + 5*s + 1 - 6. Suppose 5*k - 1697 = 3*x - 5*x, q*x + 3*k = 4290. Suppose -31*h + 28*h = -x. Is h prime?
False
Let k = 99836 + -63058. Suppose 3*t = -10009 + k. Is t composite?
False
Let m be 14*(0 + 6 + 9). Let d = m - -1621. Is d prime?
True
Suppose -5*y + q + 15 = 0, -2*y + 4*q = 3*q - 6. Suppose -4533 = 3*g + 5*f - 59916, -y*g + 4*f = -55356. Is (-3)/5 - g/(-60) a prime number?
True
Is (-6)/4*(-65)/((-4485)/(-1807478)) composite?
False
Suppose 19*n + 12*n = 9*n + 3494986. Is n composite?
False
Suppose -3*f + 334529 = 10*c - 6*c, -3*c - f = -250888. Is c a prime number?
False
Suppose y + 45 - 49 = 0. Is (-34)/y*(-9 + 4 + -1) a prime number?
False
Let j = 10 - 5. Let i(k) = 105*k + 5. Let g be i(0). Suppose g*l - 807 = -h, -4*h - j*l + 1390 = -1778. Is h composite?
False
Let h be -2 + 15/10 + 42583/2. Suppose -5*p + h = -u, 5*p + 4*u - 21294 = 8*u. Is p prime?
False
Suppose 0 = -8*y + 9*y - 373. Suppose 17261 = 6*a - y. Is a prime?
True
Is 4 + (-1153989)/(-5) + 6/60*-8 a composite number?
True
Suppose -3*k = -4*k + 2. Suppose k*m - 7*m - 1075 = -5*l, 3*l - 625 = -m. Suppose d = -0*d + t + l, d - 212 = -t. Is d prime?
True
Is (3/12 - 3/(-4))*693523 a composite number?
False
Let a = 455763 - 186302. Is a composite?
False
Suppose -v = f + 2 - 1, -4*f - 3*v - 1 = 0. Suppose -3*a - 2771 = -f*n, -7*n + 1366 = -6*n + 5*a. Is n composite?
False
Let y be (104/(-40))/(-13) + 29/5. Is 5325/7 - (0 + y/(-21)) a composite number?
False
Let f = 143608 - -70105. Is f a composite number?
False
Let b(v) = 209*v**2 + 7*v + 6. Suppose -3*y + 5*u = 34, -y - 23 = -6*u + 2*u. Let q be b(y). Let n = 2905 - q. Is n a prime number?
True
Let m(q) = 12372*q**2 - 8*q + 23. Is m(3) a prime number?
True
Let f(v) = -46*v + 10. Let j be f(0). Suppose -j*x + x = -73287. Is x a composite number?
True
Let y = 124884 - 69635. Is y a prime number?
True
Suppose 0 = y - 183 - 550. Suppose 4*m - y = b, 0*m + m - 188 = 5*b. Let s = 688 + m. Is s a prime number?
False
Suppose -3*i = 5*b - 7, -4*i - 5*b = -2*i + 2. Is (-16392)/((-12)/4) + i a prime number?
False
Let k be (-6)/(0 + -1 + (-1)/(-2)). Let w(u) = 8*u**2 - 9*u - 97. Is w(k) composite?
False
Suppose -32*n - 7 = -31*n, -2*g + 1255914 = 4*n. Is g composite?
True
Let w be (3 - 1) + -1*18. Let r(l) be the second derivative of -52*l**3/3 - 27*l**2/2 + 10*l + 6. Is r(w) composite?
False
Is ((-1)/(-5))/((-126)/(-176927310)) a composite number?
False
Suppose -18*d + 0*d = -8514. Let m = -290 + d. Is m a composite number?
True
Is ((-15)/(-6) - 3)/(164/(-371878856)) composite?
False
Let r be 2/(-12)*2 + (-2860)/(-66). Let d(s) = 12*s**2 - 38*s + 39. Is d(r) a prime number?
True
Let i = -8873 - -15061. Let x = -4215 + i. Is x a prime number?
True
Is (-322203)/(-6) - (-4800)/(-640) prime?
True
Let b be (0 - 2 - -1)*(-14)/1. Let n be (-2)/(-4) - (-7)/b*3. Suppose 0 = -3*q - n*s + 1249, 2*s = -4*q - s + 1664. Is q a prime number?
True
Suppose 4*t - 18 = -5*t. Let k(s) = -22 + 13*s**2 - 15*s**t + 10*s**2 + 12*s. Is k(10) prime?
False
Suppose -1200 = 9*i - 93. Let p = i + 117. Is (-13946)/(-6) + 9 + 2/p composite?
False
Suppose -185*y + 37310375 + 155140827 = -51*y. Is y prime?
True
Suppose 2*k = -2*k - 34292. Let z be 5/((-160)/(-24)) - k/4. Let a = z + -1395. Is a a prime number?
False
Let s = 526 + 314. Let q(y) = 192*y - 25*y + s*y + 3. Is q(2) prime?
True
Suppose 2*u - 9003 = -n, -2*n = 3*u - 2496 - 15508. Is n a prime number?
True
Suppose -13 - 1712 = -i - 4*w, -4*i - w + 6945 = 0. Let m = -524 + i. Is m prime?
True
Suppose -o = 4*h - 168124, 2*o - o = 3*h - 126093. Suppose -51*q = -62*q + h. Is q a composite number?
False
Suppose o + 3*g = -2*g + 866, -g = 4*o - 3559. Suppose 211 + o = h + 3*i, 2*h - 2224 = -2*i. Is h a composite number?
False
Let x(h) = 429622*h + 347. Is x(3) a composite number?
False
Suppose a = -3*l + 39, -5*l - 4*a + 36 = -3*l. Suppose -l*b + 102050 = -76138. Is b a composite number?
True
Let o(g) = -2*g**2 - 61*g + 34. Let l be o(-31). Suppose 3*u + 3010 + 831 = f, l*f = -3*u + 11523. Is f a composite number?
True
Let y be (2 + (-24)/9)/(2/(-750)). Let m = 512 - y. Suppose x + 5*p = 96, -4*p = x - 3*x + m. Is x composite?
True
Suppose 5*n + 7*q - 6 = 6*q, 4*q = -2*n + 6. Let d be 4/((2 - n) + 883/(-885)). Suppose -6*j = -6732 - d. Is j a composite number?
True
Let j(n) = n**3 + 17*n**2 - 9*n - 22. Suppose -142 - 105 = 19*u. Is j(u) a composite number?
True
Suppose 2*y - 157 - 87 = -4*c, c + 5*y - 79 = 0. Suppose 145319 = 5*d - r, c*d + 116248 = 63*d + r. Is d composite?
False
Let a = -6291 - -12461. Let w = -3672 + a. Is w a composite number?
True
Let c(m) = -m**3 + 8*m**2 - 6*m + 9. Let p(f) = -f**3 - 7*f**2 - 3*f - 14. Let q be p(-7). Let d be c(q). Let z(a) = -a**3 + 18*a**2 + 14*a - 33. Is z(d) prime?
False
Suppose -8*b + 4*c = -4*b - 12932, 3*b + 5*c - 9707 = 0. Let n = b + -1643. Is n composite?
True
Let h be (-45)/(-20)*(-16)/(-6). Suppose -h*d + 4*d - 2*b + 7208 = 0, 4*d - b - 14406 = 0. Is (d/(-4))/((-14)/28) prime?
True
Let t(x) = x**2 + 6*x - 7. Let r be t(-7). Suppose 0 = 7*u - r*u - 3465. Let d = u + 1016. Is d composite?
False
Suppose 58*p + 6756 = 60*p. Suppose p = w + 5*w. Is w composite?
False
Is 144/480 - (-1189761)/30 prime?
True
Let b = -315 - -121. Let c = 3748 + b. Is c composite?
True
Let x be 3*-1*((-9952)/6)/(-8). Let z(l) = l**2 + 9*l + 16. Let d be z(-5). Is (x/(-3) + 3)/(d/(-12)) prime?
True
Let q be -1 - (9 + -5) - -35. Suppose 0 = -5*u - u - q. Let z(g) = -43*g**3 + 5*g**2 + 9. Is z(u) composite?
True
Suppose a - 2*d = 18, -2*a = -7*a - 5*d + 30. Suppose a*u - 4*u = -18. Is 654 + u + (-2 - -6) composite?
True
Let p = -177 + -28. Let b = 3906 - p. Is b a prime number?
True
Suppose -3*y + 5*y = -64. Let d = 36 + y. Suppose -436 = -5*w + 3*v, -w - 4*w + 433 = -d*v. Is w a composite number?
False
Suppose 21353117 = 798*r - 745*r. Is r composite?
True
Suppose -2*o - 3*b + 0 = 7, -5*o + b + 25 = 0. Suppose o*i - 7206 - 2522 = 0. Suppose -4*w + 7*x + i = 3*x, w - 628 = -3*x. Is w a composite number?
False
Let j = -275900 - -456451. Is j prime?
False
Is 30/(-50)*-293805 - -4 composite?
True
Suppose -4 = 3*a - 10. Suppose m = r - 2*r + 2, -a*r = -4*m - 16. Suppose 3*g = r*g - 487. Is g a composite number?
False
Let z(l) = 115*l**2 + 43*l - 463. Is z(-28) prime?
True
Is ((-1)/(-5))/((-442)/(-1746490070)) composite?
True
Let f be (84/10)/(37/5 - 7). Let o(g) = g - 16. Let p be o(f). Suppose 3*x + 13010 = p*k, 5*k - k - 10440 = -4*x. Is k a composite number?
True
Let a = 9 - 5. Suppose -34*p = -24*p - 40. Suppose -a*w = 6 + 14, 0 = 5*c - p*w - 1915. Is c a prime number?
True
Suppose 0 = -l + 3*v + 77803, 8*l + 13*l - 1634223 = 3*v. Is l a composite number?
True
Suppose -2*c + 324*r - 319*r = -6258, 2*r - 12444 = -4*c. Suppose -3*m - 3513 = -0*m. Let i = c + m. Is i prime?
False
Is (45 + -48)*(-1 + -2098) prime?
False
Let v = 443395 + -43644. Is v prime?
False
Let u(g) = 122*g**2 - 515*g - 204. Is u(-43) a composite number?
False
Let b(c) = -32*c**3 + c**2 - 8*c - 3. Let w(h) = -31*h**3 + 2*h**2 - 7*h - 3. Let a(k) = 6*b(k) - 5*w(k). Is a(-4) composite?
True
Let z = 10791 + -6408. Let g = -2604 + z. Is g composite?
True
Let i(g) = -2*g**3 - 4*g**2 + 5. Let a be i(-2). Suppose -j - 6 = s, 23 = -3*j + a*s - 3. Let m(w) = -25